 Suppose -d*q = -45*q + 123. Let k(z) = -5*z**2 - 70*z + 32*z - 3 + q*z + z**3. What is k(4)?
-7
Let n(x) be the third derivative of x**5/60 - 7*x**4/12 - 13*x**3/6 + x**2 - 8*x. Calculate n(13).
-26
Let u(w) = -w**2 + 4*w + 3. Let g(s) be the first derivative of 5 - 19*s - 1/2*s**2. Let q be g(-22). Determine u(q).
6
Let w(a) = -33*a**2. Let j(u) = -31*u**2 - 18*u - 73. Let x(c) = -j(c) + w(c). Determine x(12).
1
Suppose 4*l - 6*h + 2*h = 332, -l - 5*h = -107. Let q(d) = -d**2 - 4 - l*d - 90*d + 183*d. Let o(y) = y + 8. Let s be o(-4). Calculate q(s).
4
Let m(q) = -4*q + 34. Let h = 9301 + -9291. Determine m(h).
-6
Let c(z) = -4*z + 1. Let x = 9 + -11. Let p(o) = 3*o - 2. Let j be ((-12 - -6) + 3)*1. Let b(v) = j*p(v) + x*c(v). Determine b(-3).
7
Let m(j) be the first derivative of 11*j**2/2 - 2*j + 2. Let q be (2 - (-3)/(-2)) + (21792/64)/227. What is m(q)?
20
Let v be (48/32)/((-3)/18). Let l(u) = -u**3 - 8*u**2 + 9*u - 2. What is l(v)?
-2
Let y(l) = 7*l - 46*l**2 + 76*l**2 + 6 - 29*l**2. Give y(-9).
24
Suppose 5*c - 13 = 17. Let u(x) be the third derivative of x**5/60 - x**4/8 - 5*x**3/6 + 6*x**2 + 60. Give u(c).
13
Let j be (-4)/(-26) - 1824/(-312). Let f(c) = -5*c**3 - 2*c**2 - 8*c + 5. Let l(a) = 4*a**3 + a**2 + 9*a - 4. Let t(r) = j*l(r) + 5*f(r). Calculate t(-6).
-11
Suppose c - 5*f - 14 = -2*c, 4*f = -5*c + 48. Let k be c/(-1)*(-1)/(-2). Let u(x) = -191 - 192 - 114*x + 590 - 212 - x**3 - 4*x**2 + 112*x. Determine u(k).
3
Let v(w) = 325*w + 1. Let c(j) = 1627*j + 28. Let m(o) = c(o) - 5*v(o). Suppose -8*x + 3*x = -i - 22, -4*i + 3*x = 37. What is m(i)?
9
Let s = -270 - -196. Let n = s - -71. Let r(x) = x**2 + 4*x - 1. Calculate r(n).
-4
Let s(o) = -83*o + 2078. Let r be s(25). Let h(b) = -2*b**3 + 6*b**2 - 9*b + 5. Determine h(r).
-22
Let a(r) be the first derivative of -r**2 - 18*r + 3034. Determine a(-5).
-8
Let m(a) = 0*a - 3*a - 5 + a. Let w = 2820 + -2816. What is m(w)?
-13
Let f be ((-4)/(-6))/(24/108). Let q(o) be the second derivative of 1/6*o**3 - 2*o**2 + 0 - o. Calculate q(f).
-1
Suppose 198*m - 266 = 393 + 1321. Let u(n) = n**3 - 11*n**2 + 15*n - 49. Give u(m).
1
Let t be (-184)/26*(-2834)/436. Let r(k) = -2*k**3 + 90*k**2 + 93*k - 38. Give r(t).
8
Let f(z) = -6*z**2 - 7*z**2 - 3*z**2 - 9*z - 11 + 10*z**2 + z**3. Let j(n) = -3*n. Let w(o) = -f(o) + 5*j(o). Calculate w(5).
6
Let z = 1949 - 1955. Let c(y) = y**2 - 1. Let a(j) = 6*j - 7. Let o(s) = a(s) + c(s). Give o(z).
-8
Let w(l) = -l**3 + 76*l**2 - l + 70. Let j be w(76). Let d(u) = 2*u**3 + 11*u**2 - 5*u + 2. Determine d(j).
-4
Let p(c) be the third derivative of 0 + 0*c**4 + c**3 + 0*c - 99*c**2 - 1/60*c**5. What is p(0)?
6
Let q(x) = -16*x - 232. Let w(c) = -49*c - 714. Let k(o) = 7*q(o) - 2*w(o). What is k(-14)?
0
Let b(n) = -88*n**3 + 20*n**2 + 21*n - 30. Let v(u) = 25*u**3 - 7*u**2 - 7*u + 10. Let s(k) = -2*b(k) - 7*v(k). Calculate s(-8).
-2
Let i(z) = -z**3 + 20*z**2 + 23*z - 40. Let w be 14/(30/(-9) + 23 + -19). Give i(w).
2
Let k(v) = -20*v**2 + 29 + 13*v**2 - v**2 + 4*v**2 + 8*v**2 + 15*v. Determine k(-2).
15
Let i = -150 - -200. Suppose -3*k = -g + 2*k + 16, i = -5*g - k. Let a(d) = d**2 + 9*d - 10. What is a(g)?
-10
Let g(p) = 19*p**2 + 52*p - 1. Let f be g(-3). Let v(h) = 3*h - 46. Determine v(f).
-4
Let m(g) = -g**3 + 2*g**2 - g + 9. Suppose 524*c = 529*c - 2*y - 12, 2*c = -2*y - 12. Calculate m(c).
9
Let u(h) be the second derivative of -h**6/240 - 11*h**4/12 + h**2 + 49*h. Let z(v) be the third derivative of u(v). What is z(-3)?
9
Let y(p) = -4*p + 52. Let v be 36/(1368/95)*24/5. Give y(v).
4
Let v(d) = 52*d. Let r(z) = 8*z. Let l(k) = 32*r(k) - 5*v(k). Let h be ((-1)/3)/(15/(-5580)). Let t = 127 - h. Give l(t).
-12
Let n(m) = -21*m**2 - 3. Let p(l) = -10*l**2 - 1. Let k(b) = -2*n(b) + 5*p(b). Let t(h) = 6*h**2. Let d be t(-1). Suppose d*v - v = 5. Calculate k(v).
-7
Let v(c) = -7*c**2 + 22*c + 16. Let h(n) = -3*n**2 + 11*n + 8. Suppose 20 = 30*t - 100. Let r(p) = t*v(p) - 9*h(p). What is r(-11)?
-8
Let j(y) be the first derivative of y**4/4 + 4*y**3/3 - y**2 + 5*y + 31. Suppose 15 = -3*b - 5*p, 5*p + 10 = -2*b + p. Determine j(b).
-10
Let q = 5 + 1. Let h be (-32)/(-48) + (-14)/(-6). Let p(l) = 0*l + l - h - 2. Calculate p(q).
1
Let z(m) be the third derivative of m**6/120 - m**5/6 + m**4/24 - m**3/6 + 193*m**2. Let j be z(10). Let d(h) = h**3 - 9*h**2 + 2*h - 1. What is d(j)?
17
Let x(n) be the third derivative of 5/8*n**4 + 0 - 117*n**2 - 1/60*n**5 + 0*n + 4*n**3. What is x(16)?
8
Let i(c) = -c**2. Let x(u) = -u**2. Let m(n) = -3*i(n) - x(n). Suppose -6 - 15 = -52*r - 73. Calculate m(r).
4
Let x(h) = 1 - 7*h**2 - h**3 - 2*h - 2 + h. Let q be (7 + -8)*((0 - -1) + -4). Suppose -s = -5*s - 4*z - 16, 0 = 4*s - q*z + 37. Determine x(s).
6
Let d(v) = -25*v + 3*v**2 + 23*v - 16*v - v**2 - 7 - 34*v. Calculate d(26).
-7
Suppose 0 = -11*q + 14*q - 3. Let n(t) = 7*t - 6*t + q + t - 6*t. Determine n(-2).
9
Let r be -3*-1*2/6. Let j(p) be the second derivative of -p**4/12 + p**3/3 - p**2/2 - 20384*p. Give j(r).
0
Let m(r) = 2*r + 5. Suppose 4*s = 9*s - 10. Suppose 8 = 3*t - 2*w, s*t - 4*w = 4*t - 32. Suppose -y - 5*l = -0*l - 9, -y + t = 4*l. Calculate m(y).
-7
Let r(f) = f**3 - 2*f**2 - f - 1. Let s be r(2). Let j(b) be the second derivative of b**5/20 + 5*b**4/12 + b**3/6 - b**2/2 - 6*b - 3364. Give j(s).
14
Let u(w) = -w - 1. Let c(l) = l**2 - 5*l + 6. Let d(o) = -c(o) - 3*u(o). Let i = -11068 - -11075. Calculate d(i).
4
Let d(o) = -123*o**2 - 11*o + 90. Let p(m) = -66*m**2 - 6*m + 49. Let y(j) = -6*d(j) + 11*p(j). Let g be (1/4)/((-2)/(-8)). Determine y(g).
11
Suppose -6*k + 34 = -56. Let y be (k/25)/((-1)/5). Let x be y/21 - 96/14. Let t(z) = z**2 + 7*z - 7. Determine t(x).
-7
Let p(w) = -104*w - 69 - 110*w + 313*w - 108*w. Give p(-7).
-6
Suppose 0 = -v - w + 4*w - 3, 5*v - 4*w - 7 = 0. Let q(b) be the third derivative of 1/8*b**4 + 0 - 1/2*b**3 + 3*b - 4*b**2. Give q(v).
6
Let b be (448/192)/((-14)/(-6)). Let d(k) be the third derivative of -k**6/40 - k**4/12 + k**3/6 + 9*k**2. Determine d(b).
-4
Let s(j) = -8*j - 8*j**3 + 0 + 4 + 9*j**2 + 7*j**3. Let f = 1718 - 1710. Determine s(f).
4
Let s(p) = p**3 - 6*p**2 - 2*p + 21. Let k(m) = -3*m - 3. Let c(o) = -2*k(o) - s(o). Give c(6).
33
Let d(a) be the second derivative of 41*a - 3/2*a**3 + 0*a**2 - 1/12*a**4 + 0. Determine d(-9).
0
Suppose 57*f - 63 - 222 = 0. Let d(g) = -g**2 + 3*g + 4. What is d(f)?
-6
Let y(m) = -57*m - 393. Let d = 2215 - 2222. Give y(d).
6
Let y be (-2*71*-1)/(-5 - -7). Let f = -39 + y. Suppose f = -4*i - 0*i. Let m(v) = v**3 + 8*v**2 - 7. Calculate m(i).
-7
Let a(k) = -k + 4*k + 4*k - 4015 + 4122 - 3*k. Determine a(-29).
-9
Let l(p) = p**3 - 3*p**2 - 3*p - 3. Let u be (100 + 1)*(-4 - -5). Let j = u - 97. Give l(j).
1
Let d = -23 - -16. Let y(o) = 5*o. Let t(v) = -19*v + 12. Let l = -530 - -531. Let n(g) = l*t(g) + 4*y(g). Give n(d).
5
Let y(g) = 2*g**2 - 16*g - 5. Let v be (17 - 3) + (5 - 11*4/4). Calculate y(v).
-5
Let n(o) = o**3 + o + 9. Let z(q) = q**3 + 2*q**2 + q + 2. Let m(c) = -n(c) + 2*z(c). Let h(s) = s**3 - 12*s**2 + 23*s + 32. Let g be h(9). What is m(g)?
-9
Let q(t) = -3*t**3 - 2*t**2 - 7*t + 1. Let k(v) = v**3 - v**2 + 1. Let c(y) = 4*k(y) + q(y). Suppose 13*m + 42*m - 315 = 10*m. Determine c(m).
5
Suppose 91*i - 2398 = -72*i + 47. Let d(a) = -2*a**3 + 30*a**2 + 5*a + 16. Determine d(i).
91
Let p(q) = -5794972*q + 187 + 5794948*q - 12. Determine p(8).
-17
Let z(j) = 3*j**2 - 18*j + 3. Let r(u) = 1. Let m(h) = 2*r(h) - z(h). Let b(s) = -2*s**2 + 12*s. Let k(v) = -7*b(v) + 5*m(v). Give k(4).
3
Let v be (-4)/(-34) + 637/221. Let k(i) = -v*i - 4*i - i**2 - 748 + 746. Give k(-6).
4
Let n(l) be the first derivative of -13*l**2/2 - 158*l - 2954. Determine n(-13).
11
Let c(g) = g**3 + 12*g**2 + 12*g + 8. Let d = 3636 - 3647. Give c(d).
-3
Let d(m) = m + 18. Let i be d(-10). Let g(v) = -v - 1. Let t(q) = -q + 1. Suppose -7*r = 4*r - 33. Let a(z) = r*g(z) - 4*t(z). Determine a(i).
1
Let o(i) = 68 - 2*i - 119 - 6*i**2 + 0*i**2 + 53. Let n be 4/(-2 - -4)*10/20. What is o(n)?
-6
Let q(s) = 3*s**2 - 12*s - 45. Let n(p) = -p**2 + 2*p + 24. Let g(o) = -2*n(o) - q(o). Determine g(9).
-12
Let n(o) = -16*o - 4*o**2 - 12 - 3*o**2 + 13*o + 8*o**2. Give n(6).
6
Let u(t) = -17*t - 93. Let p = 